= 3*l. Let f(j) = j**2 - 3*j. What is f(r)?
0
Let y(w) = -4*w + 8 - 5 - w**2 - 4 + 2*w. Calculate y(-2).
-1
Let k(u) be the third derivative of 4/3*u**3 + 0*u + u**2 - 1/24*u**4 + 0. What is k(6)?
2
Let v = 29 - 21. Let j(u) = u - 11. Give j(v).
-3
Let n(f) be the third derivative of -f**4/8 + 2*f**3/3 - 6*f**2. Let m(d) = d + 9. Let h be m(-5). Determine n(h).
-8
Let z(j) = -j. Let i(u) = u**2 + 2*u - 5. Let t(s) = i(s) + 3*z(s). Let r(l) = l**3 - 4*l**2 - l + 4. Let m be r(4). Suppose m = 4*b + b. Give t(b).
-5
Let n = -5 - -8. Let c(p) = -2*p**3 - 6*p**2 - p - 6. Let z(w) = w**3 + w**2 + 1. Let f(q) = c(q) + 3*z(q). What is f(n)?
-6
Suppose 7*w = -14*w + 126. Let o(n) = -2*n. Give o(w).
-12
Let c = -5 + 7. Let j(q) = c*q + 13 - 3 - q. Let s = -6 + 6. Determine j(s).
10
Let v(o) be the third derivative of -o**4/24 + o**3/2 + o**2. Suppose 2*s + 6 = 2*r - 0*r, 2*r + 2*s - 6 = 0. Determine v(r).
0
Let f(h) be the first derivative of -h**5/20 - h**4/12 + h**3/6 + h**2 - 2. Let n(m) be the second derivative of f(m). Calculate n(1).
-4
Let s(n) = n**2 - 6*n - 4*n + 4 - 4*n + 20*n. Give s(-6).
4
Let n(h) = h**2 + 0*h**2 - 2*h**2. Let o be -9 - -10 - (-2 + 1). Determine n(o).
-4
Let f = 45 - 43. Let x(c) = -2*c**2 + 2. Determine x(f).
-6
Let o be 16/6 + 6/(-9). Let r(h) be the first derivative of 1/4*h**4 - 1 + 1/2*h**o + h + 4/3*h**3. Give r(-3).
7
Suppose 3 = -o - 3*m, o + 3*m = 7*m - 3. Let h(q) = -2*q. Let l be h(-1). Let a(f) = -2 - 5*f**3 + f**l - 3*f**2 + 4*f**3. Give a(o).
7
Let a = 4 + 2. Suppose -22 = -4*u - a. Let k(w) = -w**2 + 7*w - 5. Determine k(u).
7
Let m(y) = 3*y**2 - 4*y - 2. Let b(l) = 8*l**2 - 8*l - 5. Let g(z) = -2*b(z) + 5*m(z). What is g(-6)?
-12
Let j = 3 - -3. Let q(d) = -6*d + 2*d + j*d + 7 - d**2. Give q(6).
-17
Let a(h) = -h + h**2 - h**3 + 1 + h. Suppose -5*l = 0, l = -4*i - l - 48. Let s = i - -14. What is a(s)?
-3
Let g be (-1 + 1 + -1)*-1. Let d(x) = 172*x + 172*x + 180*x + 1 - 526*x. Give d(g).
-1
Let s(i) be the first derivative of 1/4*i**4 - i**2 + 3*i - i**3 + 1. Let u = -319 - -323. Determine s(u).
11
Let b(q) be the first derivative of 1/3*q**3 + 1/24*q**4 - 1/60*q**5 + 0*q - 1 + 0*q**2. Let s(k) be the third derivative of b(k). Calculate s(2).
-3
Suppose 2*l - l - 3 = 0. Let u(w) = -2*w**3 + 3*w + w**l + 1 - 2*w + w. Let i(c) = c**2 + 4*c - 3. Let v be i(-5). Determine u(v).
-3
Let j(l) be the first derivative of -l**3/3 - 3*l**2/2 + l + 4. Let q(r) = -4*r**2 - r. Suppose -2 + 7 = -b + 4*s, 2*b - 3*s = -5. Let d be q(b). What is j(d)?
1
Let a(f) = -f**2 + 9*f - 7. Suppose v = -p + 5*v + 22, 4*p - 2*v - 32 = 0. Determine a(p).
11
Let a(r) be the first derivative of r - 1/2*r**2 + r**3 + 1/4*r**4 - 3. Calculate a(-3).
4
Let h be ((-1 + 1)/(-4))/1. Let k(c) = 3*c**2 - 17*c + 26. Let g(u) = -u**2 + 6*u - 9. Let o(x) = 17*g(x) + 6*k(x). Determine o(h).
3
Let t(j) be the first derivative of -j**3/3 - j**2 - 1. Let h(f) = -f**2 + 8*f - 15. Let s be h(2). Determine t(s).
-3
Let j be (-8)/28 - (-79)/7. Suppose j + 14 = -5*r. Let k(i) = 3*i + 5. Let v(x) = x + 1. Let p(c) = -k(c) + 2*v(c). Give p(r).
2
Let f(t) be the first derivative of t**4/4 - t**3/3 + t**2/2 - 5*t + 2. Suppose -4*a + 2*w + 0*w + 10 = 0, -5*a - 25 = 5*w. Calculate f(a).
-5
Let g = 18 - 7. Let x(t) = -7 + t + 2 + g + 4. Suppose -y = 2*y + 18. What is x(y)?
4
Let g(j) = -5*j - 16. Let q be g(-4). Let w(t) = t**2 - 4*t + 2. Give w(q).
2
Let q = -5 - -3. Suppose -5*r - 3*o = -2074, -r - 829 = -3*r - o. Let k(j) = -413 + r - 4*j. Calculate k(q).
8
Suppose 2*z - z = -1. Let j be -1*(3 + -6 + z). Let n(m) = 4*m**2 - 6 - j*m + 0*m**2 - 3*m**2. Calculate n(5).
-1
Let v(m) = 2 + m + 0 + 1. Suppose -2*o + o - 9 = 4*a, 2*a = -5*o - 9. Let s be a/(0 - 2)*5. What is v(s)?
8
Let y be -4*(-3)/(-6) - -2. Suppose -12 = -4*w - y. Let a(j) = -5*j - j**2 + 3*j + 4 + 4*j. Determine a(w).
1
Let w = 5 + -3. Let d(p) = -p - w + 2*p + 3 - 2*p. Calculate d(2).
-1
Let j(x) = x - 1. Suppose 5*a - 92 + 37 = 0. Suppose 2*u + 4*t = 3*t + 11, -5*u = -3*t - a. Let r = u + -3. What is j(r)?
0
Let y = 2 - -1. Let l(p) = 0*p**2 + 11*p**2 - p**2 - 9*p**2 - 2 - 5*p. Determine l(y).
-8
Let m(w) be the first derivative of -w**4/4 - w**3/3 - w**2/2 - 9*w - 1. Let t(g) = g + 6. Let o be t(-15). Let r = 9 + o. What is m(r)?
-9
Let y(m) be the third derivative of 1/24*m**5 + 1/12*m**4 - 1/6*m**3 + 0 + 0*m - m**2 + 1/180*m**6. Let j(b) be the first derivative of y(b). What is j(-3)?
5
Let v(i) be the third derivative of -i**5/60 - 7*i**4/24 - i**3/2 - 2*i**2. Give v(-5).
7
Suppose 4*m + 0 = 4. Let b(v) = -9*v**3 - 5*v - 3. Let u(o) = -o - 1. Let h(z) = b(z) - 4*u(z). Determine h(m).
-9
Let v(w) = -w**3 + 19*w**2 - 48*w + 5. Let d be v(16). Let i(h) be the second derivative of h**3/6 - 3*h**2/2 - h. Calculate i(d).
2
Let l be 1 + 1 - 16/(-8). Suppose -l*s + 0 = -4. Let u(x) = -4*x**3 - x**2 + x. Calculate u(s).
-4
Let a(p) = p**3 - 3*p**2 - 3*p - 2. Let f be a(4). Let m(j) = -j**3 - j**2 + 2*j - 1. Calculate m(f).
-9
Let k(h) = 5*h**2. Let z = 5 + -4. What is k(z)?
5
Let w = 2 + -2. Let b(x) = 5*x - x**2 + w*x**2 - 3*x - 2 + 0*x**2. Suppose -3*j - g + 12 = 0, 5*j = -g + 10 + 8. Determine b(j).
-5
Let g(r) = 3*r**3 + 7*r**2 + 12*r - 6. Let a(o) = 2*o**3 + 5*o**2 + 8*o - 4. Let y(s) = 8*a(s) - 5*g(s). Determine y(-4).
-2
Let o be 576/99 - (-2)/11. Let c(x) = x**2 - 4*x - 4. What is c(o)?
8
Let s(a) = -a + 2. Let o(t) = t - 3. Let z(l) = 7*o(l) + 6*s(l). Give z(6).
-3
Let v(c) = c**2 - c. Let f = 4 + 0. Let w be (2 + (-10)/f)*2. Give v(w).
2
Let d(m) be the second derivative of -m**4/12 - m**3/2 - 3*m**2 + 8*m. Give d(-5).
-16
Let o(x) = -9*x**2 + x + 1. Let g = -54 - -53. Calculate o(g).
-9
Let f(i) = -6*i - 3. Suppose 5*p = -4*s - 15, 4*p = 3*s + 1 - 13. Give f(p).
15
Let n(w) = -w - 3. Let k be (-10 - -2)*5/10. Determine n(k).
1
Let y be 3*6/(-27)*9. Let k = y - -10. Suppose -2*t + 5*u + 19 - 6 = 0, 4*t + k*u = -44. Let q(x) = x**3 + 7*x**2 + 6*x - 3. Give q(t).
-3
Let x(t) = -t**3 + 2*t**2 + 1. Let n be x(2). Suppose 0 = 5*d - 4 - n. Let p(a) = 2*a - 4 + 0*a**2 - 2*a**2 + 3 + a**3. Give p(d).
0
Suppose -3*i - 5 = l, 1 = -l - 0*i - 2*i. Suppose 3*j - l = 2. Let f(r) = r + 4. Determine f(j).
7
Let v(j) = -j + 3. Let n be v(3). Let l(f) = 3*f**2 - 3*f + 2. Let d(u) = -u**2 + u. Let k(r) = 4*d(r) + l(r). Give k(n).
2
Let q(x) = 3*x**3 - 4*x**2 - 6*x - 1. Let n(p) = -16*p**3 + 21*p**2 + 31*p + 6. Let v(d) = 2*n(d) + 11*q(d). Give v(3).
-2
Let k(l) = -3*l**2 + 3*l - 17 + 15 + 4*l**2. What is k(-4)?
2
Let m(r) be the first derivative of -1/12*r**4 - 3*r - 1 + 1/2*r**3 - r**2. Let z(w) be the first derivative of m(w). What is z(3)?
-2
Let d be 1/(9/2 - 4). Let j(x) = 5*x + 2 + x**d - x**3 + 4*x - 1 - 7*x. Calculate j(3).
-11
Suppose 4*q - q + 6 = 0. Let m be (0 + 6)/q + 5. Let w(p) = -3*p - 2. Determine w(m).
-8
Let m(b) be the third derivative of b**4/12 - b**3/2 - 2*b**2. Let q(w) = 0 + w**2 + 0*w - w**3 - 1 - 4*w**2 - w. Let c be q(-3). Calculate m(c).
1
Let t(v) be the third derivative of v**5/60 + v**4/6 + v**3/2 + 12*v**2. What is t(-5)?
8
Let c(h) = h**3 - 6*h**2 - h + 8. Suppose 5*b = 103 - 73. Give c(b).
2
Let b(p) = -196 + 8*p + 101 + p**2 + 104. Calculate b(-8).
9
Let r(g) = -g**3 + 3*g**2 + 4*g - 3. Suppose 4*q - 10 = 2*l, l + 17 = q + 4*q. Determine r(q).
-3
Let h(m) = 3*m**3 - 10*m**2 + 17*m - 6. Let i(b) = 4*b**3 - 15*b**2 + 25*b - 9. Let g(d) = -7*h(d) + 5*i(d). Calculate g(-6).
-3
Let c = 13 + -8. Suppose 4*a - 2*h = 20, 4*a + c*h - 8 = 12. Let t(o) = -o**3 + 6*o**2 - 5*o - 2. Give t(a).
-2
Let h(p) be the first derivative of p**4/4 + 4*p**3/3 + p**2 + 3*p + 11. Let j = 9 - 0. Let r be 2/j - (-152)/(-36). Calculate h(r).
-5
Let d = -5 + 7. Let m = -23 + 25. Suppose 0 = 4*s - d*r - 12, m*s = 2*r + r + 2. Let f(h) = -2*h + 4. Determine f(s).
-4
Let n(x) = -4*x - 16. Let o(i) = -i - 8. Let l(y) = -y - 7. Let g(m) = 5*l(m) - 4*o(m). Let z(k) = -14*g(k) + 3*n(k). Give z(5).
4
Let p = 4 - 1. Suppose -13 = 5*w - 3*j + 8, -p*j = 4*w + 6. Let z = 3 + w. Let o(v) = -v - 1. What is o(z)?
-1
Let t(w) = -2*w**3 + 7*w**2 + 8*w + 9. Let l(v) = 5*v**3 - 21*v**2 - 24*v - 27. Let c(m) = -3*l(m) - 8*t(m). Give c(-6).
-3
Let h(p) = p + 3. Let w = -3 + 7. Suppose 3*s = -16 - 8. Let z = s + w. Give h(z